se
Is 4360947839 composite?
True
Is 736015073 a composite number?
True
Is 646733887 prime?
True
Is 309949195 composite?
True
Is 783052141 composite?
False
Is 14307165443 composite?
True
Is 397194469471 composite?
False
Is 94334466563 a prime number?
True
Is 4066129553 a composite number?
False
Is 8943063 prime?
False
Is 100130169567 composite?
True
Is 72190818547 a prime number?
True
Is 75019838 prime?
False
Is 2299940051 composite?
False
Is 313835329 prime?
False
Is 26748759437 prime?
True
Is 2711367689 a prime number?
False
Is 767502643 composite?
True
Is 9124356377 a prime number?
False
Is 517151909 composite?
True
Is 1219750951 prime?
True
Is 18001986463 a composite number?
False
Is 19122673007 a prime number?
True
Is 50086527419 prime?
False
Is 973373053 a composite number?
False
Is 35661067999 a prime number?
True
Is 11404795417 prime?
False
Is 174933257 composite?
True
Is 331180807613 a composite number?
False
Is 8018975381 a composite number?
True
Is 8478095147 composite?
False
Is 18766257817 prime?
False
Is 343494397083 prime?
False
Is 5571392731 composite?
False
Is 25090271159 prime?
False
Is 17019202883 composite?
True
Is 12059951693 prime?
False
Is 17986378357 prime?
False
Is 6330981511 a composite number?
True
Is 319248781 a composite number?
True
Is 150754193 composite?
True
Is 11267339879 a prime number?
True
Is 22476001 composite?
False
Is 4807087369 composite?
True
Is 2563234897 a composite number?
False
Is 5420914427 prime?
True
Is 1244523773 prime?
True
Is 700788197 a composite number?
True
Is 163590781 a prime number?
True
Is 662399111 composite?
True
Is 3366673157 a composite number?
True
Is 1190779853 a prime number?
True
Is 14329412369 prime?
True
Is 363449293 a composite number?
True
Is 26046914315 prime?
False
Is 83848537349 a prime number?
True
Is 364733565059 composite?
False
Is 527854589 a prime number?
True
Is 981915689 prime?
False
Is 45272913893 a composite number?
False
Is 15395154419 prime?
False
Is 26492779283 composite?
False
Is 674521819 a composite number?
False
Is 2207413837 composite?
True
Is 366647079 a prime number?
False
Is 1006254773 composite?
True
Is 13929490567 composite?
False
Is 7500129755 composite?
True
Is 248682331217 prime?
False
Is 3166349657 composite?
False
Is 699491489 a prime number?
False
Is 360357024349 a prime number?
False
Is 3464522333 composite?
False
Is 1452046117 prime?
False
Is 475310629 a composite number?
True
Is 57468396361 a composite number?
False
Is 1946959463 prime?
False
Is 12617917846 a prime number?
False
Is 2345454437 a composite number?
True
Is 230208091 a composite number?
True
Is 1685375117 a prime number?
False
Is 181698112847 a prime number?
False
Is 1563040813 a prime number?
False
Is 171304307 composite?
False
Is 748377347 a prime number?
True
Is 4070796441 composite?
True
Is 101324227 composite?
False
Is 28416345637 a prime number?
True
Is 7520548471 composite?
False
Is 17861607551 prime?
True
Is 25044490109 a composite number?
True
Is 56144283523 prime?
True
Is 5199476441 prime?
False
Is 6825735923 prime?
True
Is 4455911399 composite?
False
Is 3090580601 a prime number?
True
Is 155478259 a composite number?
False
Is 3486815639 a prime number?
True
Is 1811399383 a composite number?
False
Is 184623401 prime?
True
Is 7470622391 a composite number?
False
Is 15111394301 prime?
True
Is 15748246673 prime?
False
Is 84919529 a composite number?
True
Is 215500933 composite?
True
Is 8212211489 a prime number?
True
Is 22981006981 prime?
False
Is 2823954797 composite?
True
Is 6965558693 composite?
False
Is 832930243 prime?
True
Is 54839961251 composite?
False
Is 22907038711 composite?
False
Is 223453393741 a prime number?
False
Is 4573352638 a composite number?
True
Is 272396699 a composite number?
False
Is 21671252591 a composite number?
False
Is 222377791 composite?
True
Is 1070559209 prime?
True
Is 25663045349 a composite number?
False
Is 95157712759 a composite number?
False
Is 2800888577 a composite number?
False
Is 1106626099 composite?
True
Is 14065454098 prime?
False
Is 514252819 prime?
True
Is 11201858219 a prime number?
False
Is 4878989659 a prime number?
False
Is 787360823 a composite number?
True
Is 4779740789 a prime number?
True
Is 382086037 prime?
True
Is 13101397721 composite?
True
Is 16486599113 a composite number?
False
Is 2668643911 prime?
True
Is 1239533623 prime?
True
Is 7242780607 a composite number?
False
Is 1095030511 a prime number?
True
Is 7340452303 composite?
False
Is 270475019 a composite number?
True
Is 12355525649 prime?
True
Is 918898403 a composite number?
False
Is 1673041471 composite?
True
Is 113639274163 prime?
True
Is 96909014507 composite?
False
Is 836247593 composite?
True
Is 1722073351 composite?
True
Is 5740161995 a prime number?
False
Is 354533953 a prime number?
True
Is 934088453 a prime number?
True
Is 8276948159 a composite number?
False
Is 1937866597 prime?
True
Is 4905790277 prime?
True
Is 1630976159 prime?
False
Is 2936858993 a prime number?
False
Is 34345946633 a composite number?
True
Is 5532458069 prime?
False
Is 495180929 a composite number?
False
Is 337902787 composite?
True
Is 9058165763 prime?
True
Is 107297560753 prime?
True
Is 9558943133 a prime number?
False
Is 15814200847 composite?
True
Is 1176664249 composite?
False
Is 30951135433 composite?
False
Is 24760443061 prime?
True
Is 68559496177 a composite number?
True
Is 56576136317 composite?
False
Is 199840939 a prime number?
True
Is 7825927607 a composite number?
False
Is 46452809327 composite?
False
Is 438808829 a prime number?
True
Is 56886341 prime?
True
Is 21482594087 prime?
False
Is 8740722923 a composite number?
False
Is 2301338813 composite?
True
Is 10647325099 composite?
False
Is 26781652409 a prime number?
False
Is 190540747 prime?
True
Is 7037791 a prime number?
True
Is 1162325477 a composite number?
False
Is 30264337201 a composite number?
True
Is 1643148733 composite?
True
Is 682114583 a prime number?
True
Is 443260429747 a prime number?
True
Is 3873155561 composite?
True
Is 1601039171 composite?
False
Is 12571482739 composite?
False
Is 39941474137 a composite number?
True
Is 3936742417 composite?
True
Is 4867751047 prime?
False
Is 885350219 a composite number?
True
Is 317671941251 composite?
True
Is 31690119137 prime?
False
Is 3706164799 a prime number?
True
Is 57954307291 prime?
False
Is 2580696113 prime?
True
Is 476397013 a prime number?
False
Is 101113483 a prime number?
False
Is 4038007 a prime number?
True
Is 21686306113 composite?
True
Is 408602219 a composite number?
False
Is 980431289 composite?
True
Is 21422132443 a composite number?
False
Is 561645961 prime?
True
Is 14949253877 a prime number?
False
Is 2008665241 composite?
True
Is 16166372333 a prime number?
True
Is 13750853993 a prime number?
True
Is 204839923 a composite number?
False
Is 457127141 composite?
False
Is 652721723 a prime number?
True
Is 4400518819 a composite number?
False
Is 2543994799 a composite number?
True
Is 6581891273 a composite number?
False
Is 7288691867 a composite number?
False
Is 171626825239 composite?
False
Is 114775253 a composite number?
False
Is 285654143977 a prime number?
True
Is 28670082241 prime?
True
Is 7894014173 a composite number?
False
Is 340063819 a composite number?
False
Is 713599477 a prime number?
True
Is 191664901387 composite?
False
Is 672322669 prime?
True
Is 10076113879 composite?
True
Is 37397429 a prime number?
False
Is 16385236631 composite?
True
Is 473744111 a composite number?
False
Is 2339680423 a prime number?
True
Is 1111595531 composite?
False
Is 17553932601 composite?
True
Is 619110689 a prime number?
False
Is 63070278757 prime?
False
Is 219179921 prime?
True
Is 303386087 prime?
False
Is 4682325299 composite?
False
Is 166939446001 a composite number?
False
Is 122779829219 prime?
False
Is 1864601833 a composite number?
False
Is 22788873971 a composite number?
True
Is 79735861 a prime number?
False
Is 109511179 a prime number?
False
Is 32616280721 composite?
False
Is 8572097179 a prime number?
True
Is 56135623 composite?
True
Is 45821234995 composite?
True
Is 4735607641 a composite number?
True
Is 3516248777 a prime number?
True
Is 45926043431 prime?
False
Is 403280113 a composite number?
True
Is 39076093 prime?
False
Is 93054